e highest common factor of 38 and i.
38
Suppose -x + 0 = -2. Let w be (-1)/4 - 25/(-4). What is the greatest common factor of w and x?
2
Let o be 5/(15/201) - -1. What is the highest common divisor of 17 and o?
17
Suppose 42 = 3*o - 5*n - 3, -n = -3. What is the highest common divisor of 220 and o?
20
Suppose -2*p = 4*p - 66. Let o = p - -34. Calculate the highest common factor of 30 and o.
15
Suppose -4*c - p = -0*p - 544, 0 = -3*c - 4*p + 421. Calculate the greatest common divisor of 54 and c.
27
Let b(o) = 2*o - 18. Let t be b(13). What is the greatest common divisor of t and 72?
8
Suppose 0 = -2*u + 3*u - 1. Let w = -1 + u. Let x = 20 - w. What is the highest common factor of x and 5?
5
Suppose 10*i - 3*i = 147. What is the greatest common divisor of 336 and i?
21
Let n(h) = h**2 - 4. Let s be n(3). Suppose -s*v = -v - 44. Calculate the greatest common divisor of 44 and v.
11
Suppose 4*g + 21 = 5*g. What is the highest common divisor of g and 14?
7
Suppose 3*s - 356 = 2*d + 2*d, 0 = 3*d - 3. Calculate the highest common divisor of 48 and s.
24
Suppose 4*j - 6 = 3*j. Suppose -f + 3*f - j = 0. Let x be (-15)/(-25)*(-4)/(8/(-110)). Calculate the greatest common divisor of x and f.
3
Let p be -3 + -4 + 12 + (0 - 2). What is the highest common factor of p and 1?
1
Let j be (2 - 556/(-14)) + 70/245. Calculate the highest common factor of j and 63.
21
Let f = 32 - 24. What is the highest common factor of f and 12?
4
Suppose 18*d - 17*d - 23 = 0. Calculate the greatest common factor of 161 and d.
23
Let o(y) = y**2 - 3*y - 3. Let m be o(7). Suppose -m = -2*w + 35. What is the highest common factor of 15 and w?
15
Suppose 107 = 5*s + 12. Calculate the highest common factor of s and 76.
19
Let s = 8 + -6. Let b = 12 + -7. Let l = b - -13. Calculate the greatest common divisor of l and s.
2
Suppose -3*y = -f + 15, f - 5 = -2. Let d(t) = t**2 + 3*t - 1. Let o be d(y). Calculate the greatest common factor of o and 6.
3
Let w = 15 - -1. What is the highest common factor of 144 and w?
16
Let i be ((-2)/5)/((-2)/40). Suppose n = 4*n - 33. Suppose -n = -2*k - 1, -3*x - 5*k = -289. What is the highest common divisor of i and x?
8
Let k(n) = 10*n**2 - 2*n + 1. Let y be k(-2). Let b be (-3)/2*14/(-3). Suppose 3 = 2*h - b. Calculate the highest common factor of h and y.
5
Let v = -4 + 6. Suppose v*z + 24 = k, 2*k + z - 12 = k. Let q(o) = 12*o**2 - 16. Let d be q(-4). What is the greatest common divisor of d and k?
16
Suppose 3*s = -4*v + 1797, 1591 - 240 = 3*v - s. Suppose 0 = 3*x + 2*x - v. Calculate the greatest common divisor of 18 and x.
18
Let n = 16 - -3. Suppose 0 = -4*w - f + 3*f + 72, -40 = -2*w - f. What is the highest common divisor of n and w?
19
Let t = 37 + -25. Calculate the greatest common factor of t and 12.
12
Suppose 0*x = -3*x + 105. Let v = 63 - x. Calculate the greatest common factor of 7 and v.
7
Suppose 290 = 6*i - 88. What is the highest common factor of i and 21?
21
Let w be 2/(-4) + (-535)/10. Let p = w + 75. Let b = -7 + p. Calculate the highest common factor of 70 and b.
14
Suppose -5*g = -15571 + 111. Suppose g = 3*a + a. Suppose 0 = -5*j - 5*h + 361 + 394, -a = -5*j + h. What is the greatest common divisor of 14 and j?
14
Let k be (24/15)/((-2)/(-5)). Let f(x) be the second derivative of 13*x**3/6 - x**2 + x. Let q be f(k). Calculate the greatest common factor of 10 and q.
10
Suppose 0*d - 266 = -3*b - d, 2*b = 2*d + 164. What is the greatest common factor of b and 29?
29
Let f = 12 - 5. Suppose 5*n + 0*n - 3*a - 57 = 0, -3*n - 5*a + f = 0. Calculate the highest common divisor of 1 and n.
1
Let g(z) = 4*z - 5*z - 2 + 3 - 2*z**3 - z**2 + 4*z**3. Let n be g(1). Calculate the highest common factor of n and 1.
1
Let w(j) = 3*j - 3. Let l(k) = -k**3 + 12*k**2 - 10*k. Let p be l(11). Let x be w(p). Calculate the highest common factor of x and 6.
6
Let j(o) = 3*o**2 + o. Let h be j(3). Let m(k) be the second derivative of k**3/2 - 4*k**2 - k. Let t be m(6). Calculate the greatest common divisor of t and h.
10
Let y(k) = k - 3. Let v be (-1)/((2 + -5)/15). Let n be y(v). Calculate the greatest common divisor of n and 6.
2
Let g = 2 + 1. Suppose -5*m + 8 + 7 = 0. Calculate the greatest common divisor of g and m.
3
Let c be (4/6)/((-7)/504). Let w = c + 70. Suppose 0 = q - z - 26, 8 = -4*q - 2*z + 88. What is the highest common factor of w and q?
22
Let o = 76 + -138. Let d = o - -92. Suppose -134 - 91 = -5*v. What is the highest common factor of v and d?
15
Suppose 1 = 5*v - 9. What is the greatest common factor of 2 and v?
2
Let o be 2 + 7 + -4 + 1. Calculate the highest common factor of o and 3.
3
Let g = 81 + -53. Calculate the highest common divisor of g and 4.
4
Let y(l) = 0*l**2 + l**2 - 6*l + 4 + 0*l. Let g = 5 + 1. Let t be y(g). What is the greatest common factor of t and 10?
2
Suppose -17 = -5*j - i + 23, 30 = 5*j - i. Suppose j*g - 2*g = 10. Suppose g*m = 28 + 76. What is the highest common factor of 13 and m?
13
Let v = -1 - -5. Suppose 2*d + 6 = v*d. Let m be (d + -15)*(-6)/4. What is the greatest common divisor of m and 45?
9
Suppose 3*l + 250 - 736 = -5*d, -2*d = -l - 190. Let i(r) = -1 - 2*r + 0 + 5. Let h be i(-4). What is the greatest common factor of h and d?
12
Suppose 67 = z - 5*m, 2*z + 10 = -2*m + 108. Suppose 2*l - 4*l + z = 0. Let s be (-271)/(-7) - (-8)/28. Calculate the greatest common divisor of l and s.
13
Let j = 29 - 14. Calculate the highest common divisor of 135 and j.
15
Let q(h) = -h**2 + 10*h + 13. Let r be q(11). Suppose r = -5*c - 3. Let a be (8 - c) + (-4 - -1). Calculate the highest common divisor of a and 42.
6
Suppose -m - 5*d = -17, 3*d - 13 = 2*m - 4*m. Let g be (-48)/(-30) - m/(-5). Let u(k) = 33*k. Let z be u(g). Calculate the greatest common divisor of z and 6.
6
Let m = 12 - 4. Suppose -2*s - 6 = 2*f + 2*f, -5*f = 2*s + m. Suppose 4*l - 5*q - 24 = 28, 5*l - 2*q - 48 = 0. What is the highest common factor of s and l?
1
Let r(c) = -c - 4. Let f be r(-2). Let q be 1586/12 + f/12. Calculate the greatest common factor of 12 and q.
12
Suppose -w - 2*w + 222 = 3*m, 218 = 3*m + 2*w. Suppose -3*p + 20 = -p - 4*o, -2*o = -3*p + 38. What is the greatest common divisor of m and p?
14
Suppose 3*b - 8 = -b. Suppose -a = 2*o + 5, 0*o + 6 = -b*a - 3*o. Calculate the greatest common divisor of 27 and a.
3
Suppose 4*s + 37 = 5*m, 2*s + 10 = 7*s + 5*m. Let z = s + 6. Suppose -130 = -z*d - 2*d. What is the greatest common divisor of 13 and d?
13
Let a = 65 + -59. Calculate the greatest common factor of 2 and a.
2
Suppose -4*z + z = -36. Let x = -1 + 7. Calculate the highest common factor of z and x.
6
Let p(d) = -46*d**3 - d**2 - d - 1. Suppose -i + 4 = -5*i. Let w be p(i). Suppose 0 = -2*h - 13 + w. Calculate the highest common divisor of h and 48.
16
Let y be (4 - 0) + 7 + 101. Calculate the highest common factor of y and 32.
16
Suppose 4*k - 2*c = 112, -4*k + 0*c - 5*c + 84 = 0. What is the greatest common factor of 208 and k?
26
Let k = 46 + -33. What is the highest common divisor of k and 1?
1
Let s(x) = -x**3 - 6*x**2 + 8. Suppose -4*u + 3*u - 5*q + 14 = 0, 0 = -3*u - 4*q - 2. Let d be s(u). Calculate the highest common factor of d and 64.
8
Let l be (18/14 + (-14)/49)*37. What is the highest common factor of l and 37?
37
Suppose -3*h + 224 = -304. Let w be (-36)/(-10)*120/9. Suppose -2*g = -5*g + w. Calculate the greatest common divisor of g and h.
16
Suppose -4*q + 108 = -4*r, 5*q + 0*r + 2*r - 121 = 0. Calculate the highest common factor of 175 and q.
25
Let s = 189 - 133. What is the greatest common factor of 14 and s?
14
Let o = -151 - -153. What is the greatest common factor of 38 and o?
2
Let q be 3 - (-1)/(2/(-4)). Let p be (2 + 5)*q*1. Let f = 132 - 83. What is the greatest common divisor of p and f?
7
Let h = -13 - -17. Suppose 5*a - 15 = 25. What is the highest common factor of h and a?
4
Let v = -18 - -24. What is the greatest common factor of v and 10?
2
Let k = 24 - -11. What is the highest common divisor of k and 5?
5
Let n(a) = 4*a + 1. Let z be n(2). Suppose z*t - 150 = 4*t. Calculate the highest common divisor of t and 45.
15
Let a = -5 - -8. Let i be -1 + 1*(0 - a). Let x be 4*-7*4/i. Calculate the greatest common divisor of x and 14.
14
Let c(m) = m**3 + 4*m**2 - 4*m + 7. Let d be